113
List the prime factors of 38532.
2, 3, 13, 19
List the prime factors of 106829.
317, 337
What are the prime factors of 12301?
12301
What are the prime factors of 9583?
7, 37
What are the prime factors of 3687?
3, 1229
What are the prime factors of 1101?
3, 367
What are the prime factors of 8768?
2, 137
What are the prime factors of 1550?
2, 5, 31
What are the prime factors of 2368?
2, 37
What are the prime factors of 1365?
3, 5, 7, 13
List the prime factors of 45411.
3, 15137
What are the prime factors of 971?
971
What are the prime factors of 16414?
2, 29, 283
What are the prime factors of 7936?
2, 31
What are the prime factors of 3272?
2, 409
List the prime factors of 86.
2, 43
What are the prime factors of 19367?
107, 181
List the prime factors of 2062.
2, 1031
List the prime factors of 379.
379
What are the prime factors of 4498?
2, 13, 173
What are the prime factors of 25633?
25633
What are the prime factors of 3310?
2, 5, 331
List the prime factors of 9565.
5, 1913
What are the prime factors of 2581?
29, 89
List the prime factors of 31043.
37, 839
List the prime factors of 31154.
2, 37, 421
List the prime factors of 13623.
3, 19, 239
What are the prime factors of 182500?
2, 5, 73
List the prime factors of 41104.
2, 7, 367
List the prime factors of 65959.
71, 929
What are the prime factors of 91890?
2, 3, 5, 1021
List the prime factors of 82.
2, 41
List the prime factors of 93.
3, 31
What are the prime factors of 11109?
3, 7, 23
List the prime factors of 72750.
2, 3, 5, 97
List the prime factors of 20253.
3, 43, 157
What are the prime factors of 41919?
3, 89, 157
List the prime factors of 3365.
5, 673
What are the prime factors of 211?
211
List the prime factors of 83.
83
What are the prime factors of 3229?
3229
What are the prime factors of 7448?
2, 7, 19
What are the prime factors of 34540?
2, 5, 11, 157
What are the prime factors of 87891?
3, 29297
What are the prime factors of 2101?
11, 191
What are the prime factors of 2850?
2, 3, 5, 19
List the prime factors of 1679.
23, 73
What are the prime factors of 68219?
68219
List the prime factors of 983.
983
List the prime factors of 212.
2, 53
What are the prime factors of 1672?
2, 11, 19
What are the prime factors of 17769?
3, 5923
What are the prime factors of 762?
2, 3, 127
List the prime factors of 2564.
2, 641
What are the prime factors of 98459?
98459
List the prime factors of 1097.
1097
List the prime factors of 4848.
2, 3, 101
List the prime factors of 85318.
2, 29, 1471
What are the prime factors of 52232?
2, 6529
What are the prime factors of 3943?
3943
What are the prime factors of 37256?
2, 4657
List the prime factors of 1117.
1117
List the prime factors of 17708.
2, 19, 233
What are the prime factors of 893?
19, 47
List the prime factors of 1158.
2, 3, 193
List the prime factors of 12553.
12553
List the prime factors of 14518.
2, 7, 17, 61
List the prime factors of 3588.
2, 3, 13, 23
List the prime factors of 1722.
2, 3, 7, 41
List the prime factors of 1996.
2, 499
List the prime factors of 780.
2, 3, 5, 13
What are the prime factors of 120699?
3, 13411
List the prime factors of 4601.
43, 107
List the prime factors of 1470.
2, 3, 5, 7
What are the prime factors of 1389?
3, 463
List the prime factors of 7897.
53, 149
What are the prime factors of 19407?
3, 6469
What are the prime factors of 84277?
71, 1187
List the prime factors of 6382.
2, 3191
What are the prime factors of 498?
2, 3, 83
What are the prime factors of 49677?
3, 29, 571
List the prime factors of 2404.
2, 601
List the prime factors of 416.
2, 13
What are the prime factors of 118294?
2, 11, 19, 283
List the prime factors of 62049.
3, 13, 37, 43
What are the prime factors of 3575?
5, 11, 13
List the prime factors of 9672.
2, 3, 13, 31
What are the prime factors of 33889?
33889
What are the prime factors of 11902?
2, 11, 541
List the prime factors of 1269.
3, 47
List the prime factors of 501.
3, 167
List the prime factors of 11928.
2, 3, 7, 71
What are the prime factors of 654?
2, 3, 109
What are the prime factors of 6371?
23, 277
What are the prime factors of 1945?
5, 389
What are the prime factors of 46313?
29, 1597
What are the prime factors of 79716?
2, 3, 7, 13, 73
List the prime factors of 4086.
2, 3, 227
What are the prime factors of 8232?
2, 3, 7
List the prime factors of 5405.
5, 23, 47
What are the prime factors of 28904?
2, 3613
What are the prime factors of 3282?
2, 3, 547
List the prime factors of 51856.
2, 7, 463
What are the prime factors of 1702?
2, 23, 37
What are the prime factors of 7472?
2, 467
What are the prime factors of 358?
2, 179
List the prime factors of 2603.
19, 137
List the prime factors of 3522.
2, 3, 587
What are the prime factors of 2588?
2, 647
What are the prime factors of 2870?
2, 5, 7, 41
What are the prime factors of 3774?
2, 3, 17, 37
List the prime factors of 13879.
13879
What are the prime factors of 10547?
53, 199
List the prime factors of 2605.
5, 521
What are the prime factors of 154048?
2, 29, 83
What are the prime factors of 1033?
1033
List the prime factors of 8849.
8849
What are the prime factors of 6141?
3, 23, 89
List the prime factors of 1278.
2, 3, 71
List the prime factors of 852.
2, 3, 71
List the prime factors of 95067.
3, 7, 503
What are the prime factors of 23555?
5, 7, 673
List the prime factors of 1129.
1129
List the prime factors of 4560.
2, 3, 5, 19
List the prime factors of 77031.
3, 317
List the prime factors of 77685.
3, 5, 5179
What are the prime factors of 180?
2, 3, 5
What are the prime factors of 34028?
2, 47, 181
List the prime factors of 2352.
2, 3, 7
What are the prime factors of 597?
3, 199
What are the prime factors of 54556?
2, 23, 593
What are the prime factors of 944?
2, 59
List the prime factors of 4860.
2, 3, 5
List the prime factors of 9749.
9749
What are the prime factors of 1900?
2, 5, 19
What are the prime factors of 117032?
2, 14629
List the prime factors of 66278.
2, 31, 1069
List the prime factors of 52782.
2, 3, 19, 463
What are the prime factors of 427?
7, 61
What are the prime factors of 50996?
2, 11, 19, 61
What are the prime factors of 1034?
2, 11, 47
What are the prime factors of 30030?
2, 3, 5, 7, 11, 13
What are the prime factors of 1345?
5, 269
What are the prime factors of 5711?
5711
List the prime factors of 78.
2, 3, 13
What are the prime factors of 2870?
2, 5, 7, 41
What are the prime factors of 2346?
2, 3, 17, 23
What are the prime factors of 5658?
2, 3, 23, 41
What are the prime factors of 13225?
5, 23
List the prime factors of 2085.
3, 5, 139
List the prime factors of 29097.
3, 53, 61
List the prime factors of 1896.
2, 3, 79
What are the prime factors of 167?
167
List the prime factors of 2848.
2, 89
What are the prime factors of 591?
3, 197
List the prime factors of 24.
2, 3
What are the prime factors of 102541?
41, 61
List the prime factors of 15182.
2, 7591
List the prime factors of 8607.
3, 19, 151
What are the prime factors of 1122?
2, 3, 11, 17
What are the prime factors of 855?
3, 5, 19
What are the prime factors of 27798?
2, 3, 41, 113
What are the prime factors of 3458?
2, 7, 13, 19
What are the prime factors of 1587?
3, 23
List the prime factors of 2484.
2, 3, 23
What are the prime factors of 1952?
2, 61
List the prime factors of 2934.
2, 3, 163
What are the prime factors of 1365?
3, 5, 7, 13
What are the prime factors of 2933?
7, 419
What are the prime factors of 2220?
2, 3, 5, 37
What are the prime factors of 977?
977
List the prime factors of 89037.
3, 13, 761
What are the prime factors of 21282?
2, 3, 3547
List the prime factors of 7704.
2, 3, 107
List the prime factors of 74.
2, 37
What are the prime factors of 18702?
2, 3, 1039
What are the prime factors of 792?
2, 3, 11
What are the prime factors of 106418?
2, 13, 4093
List the prime factors of 16985.
5, 43, 79
What are the prime factors of 925?
5, 37
List the prime factors of 1055.
5, 211
List the prime factors of 34104.
2, 3, 7, 29
List the prime factors of 5296.
2, 331
What are the prime factors of 65229?
3, 17, 1279
List the prime factors of 3905.
5, 11, 71
List the prime factors of 532.
2, 7, 19
List the prime factors of 2866.
2, 1433
What are the prime factors of 45?
3, 5
List the prime factors of 1144.
2, 11, 13
What are the prime fac